ghest common divisor of 18 and 4398183?
9
What is the highest common factor of 45014 and 92300?
142
Calculate the highest common divisor of 88765 and 7031705.
205
Calculate the greatest common factor of 1211 and 1039562363.
1211
Calculate the greatest common factor of 30708 and 2394234.
18
Calculate the highest common divisor of 1680 and 7734960.
240
What is the highest common divisor of 4636 and 302224317?
1159
What is the highest common factor of 562835 and 4550?
455
What is the highest common factor of 43771 and 33809971?
6253
What is the highest common factor of 281193648 and 432?
48
What is the greatest common factor of 66010 and 223230?
70
What is the greatest common factor of 23160 and 4470?
30
What is the greatest common divisor of 11568707 and 4076?
1019
What is the greatest common factor of 355481812 and 53?
53
What is the greatest common divisor of 5655733 and 31?
31
Calculate the highest common divisor of 11371266 and 54.
54
What is the greatest common divisor of 3637032 and 147?
21
What is the greatest common factor of 210 and 6345388?
14
What is the highest common factor of 246 and 200154?
6
What is the highest common divisor of 57 and 2118204303?
57
What is the highest common divisor of 2800125 and 4716?
1179
Calculate the greatest common factor of 10368 and 1720784.
16
Calculate the highest common factor of 77328 and 85320.
216
What is the highest common factor of 2784 and 8821452?
348
What is the greatest common factor of 1797675 and 64075?
275
Calculate the greatest common divisor of 478479 and 6.
3
Calculate the greatest common factor of 36120 and 138201.
21
Calculate the highest common factor of 410886 and 630.
126
Calculate the greatest common divisor of 174 and 226296.
6
What is the highest common factor of 334452 and 366318?
282
What is the greatest common factor of 12198340 and 242?
22
What is the highest common divisor of 49 and 11676553?
49
What is the greatest common divisor of 684 and 3024306?
342
What is the greatest common factor of 36801648 and 4914?
702
Calculate the greatest common divisor of 6826 and 338.
2
What is the greatest common divisor of 673388 and 46?
2
Calculate the highest common divisor of 918394092 and 1848.
924
What is the highest common divisor of 1452 and 41695027?
121
What is the highest common factor of 13912 and 2708696?
296
Calculate the greatest common divisor of 2560 and 973220.
20
What is the greatest common divisor of 107320 and 6880?
40
What is the highest common divisor of 1532358829 and 839?
839
Calculate the greatest common factor of 4249091456 and 10588.
10588
What is the highest common factor of 26958250 and 363?
11
Calculate the greatest common divisor of 136 and 143685496.
136
What is the highest common factor of 906 and 112368?
6
What is the highest common divisor of 11473228 and 67045?
1219
Calculate the highest common divisor of 45116512 and 3136.
224
Calculate the greatest common factor of 2661 and 6012.
3
What is the greatest common factor of 5889 and 5219721?
39
Calculate the highest common factor of 20333586 and 8016.
1002
Calculate the greatest common divisor of 736 and 10027172.
92
Calculate the highest common divisor of 1214404 and 3078608.
1444
What is the highest common divisor of 800 and 606456000?
800
Calculate the highest common factor of 13369 and 7244615.
461
What is the greatest common divisor of 16055958 and 114?
6
Calculate the highest common divisor of 20595 and 1960.
5
What is the greatest common factor of 17010056 and 15092?
1372
What is the highest common factor of 1975 and 449128825?
1975
What is the highest common factor of 31042 and 78886188?
2822
Calculate the highest common divisor of 54 and 2238786.
54
What is the highest common divisor of 17688591 and 38637?
1431
Calculate the highest common factor of 516 and 1575672.
12
Calculate the greatest common factor of 163162944 and 48.
48
Calculate the greatest common divisor of 558199015 and 4235.
605
Calculate the highest common factor of 75933 and 46637789.
649
Calculate the highest common divisor of 8252 and 23598657.
2063
What is the highest common divisor of 7156263 and 984?
123
Calculate the greatest common factor of 55302 and 2609.
1
Calculate the highest common factor of 70 and 1329920165.
35
Calculate the greatest common factor of 32475040 and 2873.
169
What is the greatest common divisor of 268180 and 293249?
583
Calculate the greatest common divisor of 16136 and 44280.
8
What is the greatest common factor of 6600 and 14138300?
1100
What is the greatest common divisor of 800 and 20364400?
400
What is the greatest common divisor of 139766752 and 649?
59
What is the highest common factor of 11925600 and 12800?
800
What is the highest common factor of 66 and 4404636?
6
What is the highest common divisor of 660 and 13384635?
165
What is the highest common factor of 123 and 1738523?
41
What is the highest common divisor of 434200 and 7181?
167
What is the greatest common divisor of 3402623 and 245?
7
Calculate the highest common factor of 2993 and 5587437155.
2993
Calculate the greatest common divisor of 8052 and 15213.
33
What is the greatest common factor of 1015173833 and 2201?
2201
Calculate the greatest common factor of 15120 and 17795160.
1080
What is the greatest common divisor of 12414618 and 1570?
314
Calculate the highest common factor of 3215725 and 47.
1
Calculate the highest common divisor of 32700 and 2031324.
1308
What is the highest common factor of 308435 and 20?
5
What is the greatest common factor of 288 and 33160968?
72
Calculate the greatest common factor of 734962 and 57494.
178
Calculate the highest common factor of 2310 and 10026555.
1155
Calculate the highest common factor of 8748 and 997920.
324
Calculate the highest common divisor of 4554836 and 5148.
572
Calculate the highest common factor of 164659 and 10681.
11
What is the highest common divisor of 2 and 28374178?
2
What is the highest common divisor of 83048742 and 126?
126
What is the greatest common divisor of 2045 and 68610?
5
What is the greatest common factor of 26424691 and 3897?
433
Calculate the greatest common factor of 24 and 2137185.
3
What is the greatest common divisor of 3452 and 32952?
4
Calculate the greatest common factor of 385764 and 163724.
244
What is the greatest common factor of 2562483 and 86163?
231
Calculate the highest common factor of 297 and 3164337.
99
What is the highest common factor of 900 and 186039?
9
Calculate the greatest common factor of 4 and 10249388.
4
What is the greatest common factor of 5923258 and 1228?
614
What is the greatest common factor of 148772 and 5356?
52
Calculate the highest common factor of 1635 and 372778365.
1635
Calculate the greatest common factor of 48172194 and 23814.
882
What is the greatest common factor of 3 and 1453047?
3
Calculate the highest common divisor of 225981 and 7259.
119
Calculate the highest common factor of 3342465 and 6419.
917
What is the highest common factor of 87282 and 546?
78
What is the greatest common factor of 874 and 3104771?
19
What is the greatest common factor of 249 and 147242?
83
Calculate the greatest common divisor of 6979 and 7987.
7
What is the greatest common factor of 10212 and 520220?
148
What is the highest common factor of 4096 and 11128576?
256
What is the greatest common divisor of 536 and 38662808?
8
What is the highest common divisor of 6356 and 5554514?
14
What is the highest common divisor of 265570392 and 39691?
2089
What is the highest common divisor of 708 and 264756?
12
What is the highest common factor of 138398338 and 10621?
559
Calculate the greatest common divisor of 146238755 and 260.
65
What is the highest common divisor of 3 and 105612762?
3
What is the greatest common divisor of 371 and 1997729?
53
What is the highest common factor of 13640 and 8488?
8
What is the highest common factor of 7880 and 233560?
40
What is the greatest common divisor of 35743639 and 17?
17
What is the highest common divisor of 6561 and 18957564?
81
Calculate the greatest common factor of 9156 and 63721182.
4578
Calculate the greatest common divisor of 213285 and 9753585.
885
What is the greatest common divisor of 56775654 and 45279?
1053
Calculate the greatest common divisor of 248346 and 3906.
126
What is the highest